-1 - 2 - 7*l + l**s + 0. What is the units digit of g(8)?
5
Let f = -103 - -108. Suppose -360 = -4*m - 2*x, f*m - 299 - 151 = -4*x. What is the units digit of m?
0
What is the hundreds digit of (-15 - -18)/((-2)/(-774))?
1
Let r be 70/28*2/5. Let b be 16/((-3)/(-36)*r). Suppose -2*m - b = -6*m. What is the tens digit of m?
4
Let z(n) = -4*n - 5. Let f be z(-2). Suppose 5*d + 5*q - 476 = -161, 2*d - 123 = -f*q. What is the units digit of d?
6
Let h(x) = -x**3 - 24*x**2 + 12*x + 31. What is the hundreds digit of h(-27)?
8
Let r(z) = -z**3 + 4*z**2 + z - 2. Let w be r(4). Suppose -24 = -w*x - 4. Let i = 5 + x. What is the units digit of i?
5
What is the units digit of ((-1184)/64)/(1/34*-1)?
9
Suppose -4 = m - 4*i, m + 3*i = -0 + 10. Suppose -5*o = -m*g - 261, g + 3*o = -0*g - 78. Let q = g + 121. What is the units digit of q?
2
Suppose -5*l + 4*y + 7075 = 0, -7040 = 167*l - 172*l - 3*y. What is the hundreds digit of l?
4
Suppose -210 = -3*h + 5*b - 2*b, 0 = 4*h - 2*b - 276. Let j = 10 - 45. Let s = h + j. What is the tens digit of s?
3
Suppose 4*b = 141 - 13. Suppose -r + b = r. What is the tens digit of r?
1
What is the units digit of ((-4234)/87)/(2/(-27))?
7
Let p(z) = -2*z + 11. Let c be p(3). Suppose 0 = -5*s + 4*r + 49, 0*r = c*s + 5*r - 40. What is the units digit of s?
9
Let i(w) = -9*w - 179. Let f(h) = -6*h - 120. Let r(u) = 7*f(u) - 5*i(u). What is the tens digit of r(-10)?
2
Suppose 59*h - 62*h - 3 = 0. What is the units digit of 32/(h/(-3) - 7/(-21))?
8
Suppose 4*m - 5 = 2*c + 1, -4*c + 20 = 0. Suppose 4*s - 445 = 3*b, 0 = -3*s - m*b + 69 + 271. What is the tens digit of s?
1
Let g(t) = t**3 + 4*t**2 - 6*t - 1. Let q be g(-5). Let a be q - 2 - (-1)/1. Let y = 16 - a. What is the units digit of y?
3
Suppose 44*y - 45*y = -2*l + 5766, -4*y = -3*l + 8639. What is the tens digit of l?
8
Let q(u) = -u**2 + 12*u + 20. Let g be q(10). Suppose -112 = -41*v + g*v. What is the units digit of v?
2
Let j(a) = 34*a - 44. Suppose -14 + 5 = -c. What is the units digit of j(c)?
2
Let j = -36 - -35. Let x(w) = -4*w**2 + 7*w**2 - 34*w**3 - w**2 + w. What is the units digit of x(j)?
5
Let k(j) = -j**3 - 8*j**2 - j - 16. Let i be k(-11). Suppose 3*m + 145 = i. What is the units digit of m?
1
Let m(w) be the second derivative of w**5/20 + 5*w**4/6 - 25*w**3/6 + 9*w**2/2 + 5*w + 2. What is the units digit of m(-12)?
1
Let d(r) be the third derivative of r**5/60 - r**4/24 - 3*r**2. Let z be d(0). Suppose 0 = -3*a - z*a + 78. What is the units digit of a?
6
Let s = -364 - -937. What is the tens digit of s?
7
Let z be (-33)/44 + 161/(-4). Let c = 16 - z. What is the units digit of c?
7
Let g(d) = -5*d + 2. Suppose -7 = -i - 4*q, -3*i + 4*q + 21 = 3*q. Let o(k) = 9*k - 3. Let w(v) = i*g(v) + 4*o(v). What is the units digit of w(10)?
2
Let s(v) = 3*v**2 + 3*v + 3. Let i be s(-2). Suppose 29 - i = -4*c. Let w = 22 + c. What is the units digit of w?
7
Suppose 1 = 2*k + 3*j, 4*k - 3*j = -8 + 1. Let m = k - -6. Suppose m*p = 53 + 27. What is the tens digit of p?
1
Let k(c) = 16*c - 422 + 418 + 2*c - 4*c. What is the units digit of k(3)?
8
Let w(j) = -j**3 + 15*j**2 - 8*j + 3. What is the units digit of w(8)?
7
Let p(r) = 26*r**2 - 2*r - 1. Let m be p(-1). Suppose -197 + m = -5*z. What is the tens digit of z?
3
Suppose -2*a = -6*a + 4. Suppose -j + a = 3. What is the units digit of 153/3*j/(-3)?
4
Suppose -5*k + 2*k + 6 = 0. Let w be k/3 - 7/(-3). Suppose o = -o - 4*v + 32, 3*o - 48 = w*v. What is the tens digit of o?
1
Let u(o) be the first derivative of -o**4/4 + o**3 - 5*o**2/2 + 8. Let g be u(2). What is the units digit of (-48 + 2)/(g/3)?
3
Let v(r) = -9*r - 36. Let j be v(-10). What is the units digit of j/(-144) + (-278)/(-16)?
7
Let b(w) = -97*w - 3 - 57*w - 8 + 80*w. What is the tens digit of b(-4)?
8
Let d(p) = 55*p**2 + 12*p + 36. What is the tens digit of d(-6)?
4
Suppose 0 = -9*k + 2*k + 1799. What is the hundreds digit of k?
2
Suppose 11*q - 587 - 161 = 0. What is the units digit of q?
8
Suppose 4 = 2*v - 2. Suppose 598 = v*s + 28. What is the hundreds digit of s?
1
Let x = 217 + -62. What is the tens digit of x?
5
Let t(v) = -14*v + 3. Let u(g) = 7*g - 1. Let d be 5*2*9/18. Let m(s) = d*u(s) + 2*t(s). What is the tens digit of m(5)?
3
Suppose t - 3*t = -d + 12, 5*t = -4*d - 4. Suppose 248 = 2*h - d*l, 361 = h + 2*h + 5*l. Suppose -2*q + 41 = -5*i - h, -5 = 5*i. What is the units digit of q?
9
Let t be (-118)/(0 - 4/2). Let o = -35 + t. What is the units digit of o?
4
Let l(o) = o - 3. Let x be l(7). Let d be ((-24)/42)/(x/(-14)). Suppose -3*r = -d*m - 162, -2*r - 5*m = -m - 92. What is the units digit of r?
2
Suppose 0 = 5*j - 0*j + 5*u - 15, 0 = 2*u - 2. Let a(r) = 8*r - 1. Let i be a(2). Suppose 0 = 5*f + 3*x - 180 - i, j*x - 10 = 0. What is the tens digit of f?
3
Let f = 2784 + -1953. What is the hundreds digit of f?
8
Let f = 6 - 6. Suppose f = 3*v + 2*v - 485. What is the tens digit of v?
9
What is the units digit of (-9465)/(-4) + 48/(-192)?
6
Suppose 0*k - 5*s - 21 = -k, -2*k - 4*s = 14. Suppose 14 = 5*v - 5*x - 6, 5*v + 2*x + k = 0. What is the tens digit of (11/(-2))/(v/(-4))?
2
Suppose 3*b + 1 = 25. What is the units digit of (b + -3)/((-3)/(-9))?
5
Let w = -10 + 16. Suppose -o - 3*a - 33 = -w*o, 2*a - 16 = -3*o. Suppose o*f - 200 - 76 = 0. What is the units digit of f?
6
Let j(h) = -h**2 + 15*h + 1. Let g be j(15). What is the units digit of ((-2)/6 + g)/((-22)/(-2145))?
5
Suppose 0 = -3*a - 0*x + 2*x + 40, -2*a + 2*x + 30 = 0. Let o(r) = -r**2 + 13*r - 7. What is the tens digit of o(a)?
2
Suppose -u - 544 = -117*p + 115*p, 5*u - 250 = -p. What is the tens digit of p?
7
Let i(u) = 43*u**2 + 5*u + 9. Let z be i(-3). Let w = z + -264. What is the units digit of w?
7
Suppose 5*l - 1298 - 1882 = 0. What is the units digit of l?
6
What is the units digit of (17/((-340)/9056))/(2/(-10))?
4
Suppose 4*t + p = 97, -3*p - 69 = 3*t - 6*t. What is the units digit of t?
4
Suppose 2*u = -0*u + 3*u. What is the units digit of 66 - (6 + -8 - u/(-1))?
8
Let l = 113 + -74. Suppose l + 1 = b. Let i = -15 + b. What is the tens digit of i?
2
Let g = 82 - -85. Suppose 5*w - g = 63. What is the units digit of w?
6
Suppose -4*g - 12 = -8*g. Suppose -4*z = -g*n + 178 + 137, 124 = n + 5*z. What is the tens digit of n?
0
Let f = -5 + 20. Suppose -f = -5*m + 5. Suppose -2*k + m*k = 114. What is the units digit of k?
7
Let l(c) = -45*c**3 - 11*c**2 - 23*c - 6. What is the thousands digit of l(-4)?
2
Let k = -4938 + 7411. What is the tens digit of k?
7
Let d = -43 + 36. Let b be (-4)/(-1) + d - -78. Suppose -5*r = -5*v - b, 3*v = -3*r + r + 15. What is the tens digit of r?
1
Suppose 2*k = 5*r - 4*r + 743, k + r = 376. What is the hundreds digit of k?
3
Suppose 0*s = h - 4*s + 13, 4*h = s + 8. Suppose t + 9 = -y, -4*t + 0*y = h*y + 36. Let m = 4 - t. What is the tens digit of m?
1
Suppose 7*d - 2*d - 49 = -f, -111 = -3*f - 3*d. Let b = f - -159. What is the hundreds digit of b?
1
Let w be -123*3/15*-5. Let v be (-1)/((-124)/w - -1). Suppose v = 2*x + 47. What is the units digit of x?
8
Let y(p) be the second derivative of p**4/12 - 2*p**3/3 - 13*p**2/2 - 19*p. What is the units digit of y(-3)?
8
Suppose -5*k + 10 = 0, k = 4*c - 4*k + 78. Let s = c - -84. What is the tens digit of s?
6
Let w(v) = v + 10 - 7*v - 1. Let c be w(-7). Suppose 4*o - 2 = 10, 2*z - o - c = 0. What is the units digit of z?
7
Let v(d) = -d**2 + 8*d - 4. Let u be v(6). Suppose -2*a + 3*n = -5*a + 15, n = -2*a + u. Let m = 1 + a. What is the units digit of m?
4
Let d = -974 + 2927. What is the thousands digit of d?
1
Let p(v) = -v**3 + 7*v**2 - 7*v - 7. Let k(j) = 2*j**3 - 15*j**2 + 14*j + 14. Let z(o) = -3*k(o) - 5*p(o). What is the tens digit of z(8)?
6
Let v = 13 - -34. Suppose -y + 64 = 5*i + 5, y - v = -4*i. Let g(n) = n**2 - 11*n + 8. What is the units digit of g(i)?
0
Let y = 852 + -283. What is the units digit of y?
9
Suppose -4*q + 3*k = -675, -k = 4*q - 0*k - 671. Let n = -140 + q. What is the tens digit of n?
2
Let n(q) = 17*q - 27. What is the hundreds digit of n(26)?
4
Let g(r) = -r**3 + 7*r**2 + 6*r + 7. Let w be g(7). Let a = w + -70. What is the units digit of (0 + -1)*(a + -6)?
7
Let w(d) = -4*d - 3. Let o be w(-2). Suppose -o*b = -b - 12. Suppose -5*n + b*n = -42. What is the